e s(3).
7
Let s(z) = z**3 + 3*z**2 + 9*z + 61. Calculate s(-4).
9
Let n(r) = -r**2 - 38*r + 368. Determine n(8).
0
Let z(l) = 15*l**2 + 1224*l - 498. What is z(-82)?
-6
Let u(j) = 4844*j - 106563. Give u(22).
5
Let t(l) = -4*l**3 + 124*l**2 + 126*l + 51. Calculate t(32).
-13
Let c(a) = a**3 + 205*a**2 + 20*a + 4083. Calculate c(-205).
-17
Let t(l) = l**3 + 36*l**2 - 74*l + 70. What is t(-38)?
-6
Let c(s) = 3*s**2 - 40*s - 17. Give c(19).
306
Let z(x) = -x**3 - 38*x**2 - 43*x - 222. Give z(-37).
0
Let h(y) = y**3 + 87*y**2 + 86*y + 5. Determine h(-86).
5
Let a(i) = -2*i**2 + 17*i - 46. Give a(7).
-25
Let q(f) = -f**3 - 62*f**2 - 282*f + 179. Give q(-57).
8
Let g(d) = 85*d + 937. Determine g(-11).
2
Let t(p) = 16920*p + 50759. What is t(-3)?
-1
Let c(m) = -497*m - 1499. Give c(-3).
-8
Let k(l) = -441*l + 1320. Give k(3).
-3
Let s(o) = o**2 + 31*o - 1251. Give s(-54).
-9
Let m(f) = -8*f - 194. What is m(-13)?
-90
Let x(l) = -l**2 - 21*l + 245. Calculate x(-30).
-25
Let g(p) = 89*p**2 - 195*p + 10. Calculate g(5).
1260
Let w(t) = -t**3 - 44*t**2 - 46*t - 76. Determine w(-43).
53
Let v(w) = w**3 - 73*w**2 - 3*w + 258. Calculate v(73).
39
Let p(h) = -h**3 - 119*h**2 + 3*h + 378. Give p(-119).
21
Let a(b) = -2*b**3 + 137*b**2 - 74*b + 410. Give a(68).
2
Let p(d) = -d**3 - 6*d**2 + 33*d + 195. What is p(-5)?
5
Let x(a) = 106*a + 377. Determine x(-5).
-153
Let d(j) = 14*j**3 - 3*j**2 + 5*j - 7. Give d(-3).
-427
Let t(y) = 485*y + 37343. Give t(-77).
-2
Let n(r) = -r**3 - 19*r**2 + 22*r + 112. Determine n(-20).
72
Let h(r) = 114*r - 6463. Give h(57).
35
Let n(x) = 30*x + 13. Calculate n(-3).
-77
Let i(a) = -21*a**3 - 4*a**2 + 21*a - 18. Calculate i(1).
-22
Let z(p) = 3*p**2 - 7*p. Calculate z(-2).
26
Let g(m) = -39*m**3 - 3*m**2 + 165*m - 324. Give g(2).
-318
Let y(x) = -x**3 - 28*x**2 + 87*x + 10. What is y(3)?
-8
Let g(z) = -z**3 - z**2 + 232*z + 5. What is g(0)?
5
Let o(t) = -34*t + 2047. What is o(60)?
7
Let j(f) = -78*f + 1264. Give j(16).
16
Let h(n) = n**3 - 4*n**2 - 1228*n + 7297. Determine h(6).
1
Let b(u) = 103*u - 1125. Calculate b(11).
8
Let n(x) = -150*x**2 - 13*x - 16. Calculate n(2).
-642
Let i(j) = -12*j + 1154. Determine i(96).
2
Let x(b) = b**2 - 1527*b + 7614. Calculate x(5).
4
Let n(g) = -265*g + 1577. What is n(6)?
-13
Let g(v) = v**3 + 9*v**2 - 25*v - 201. Calculate g(-6).
57
Let q(y) = -y**2 - 48*y - 508. Determine q(-35).
-53
Let r(l) = l**3 + 85*l**2 + 1799*l - 46. Determine r(-45).
-1
Let r(i) = -105*i - 826. What is r(-8)?
14
Let k(u) = 8*u**3 + 135*u**2 - 165*u - 47. Calculate k(-18).
7
Let n(q) = 3*q**3 + 29*q**2 + 2*q - 29. Calculate n(-9).
115
Let s(q) = q**3 - 2*q**2 - 25*q + 9. What is s(8)?
193
Let o(l) = l**3 + 14*l**2 - 189*l - 2353. Give o(-17).
-7
Let g(i) = 511*i - 132856. Determine g(260).
4
Let l(o) = -3*o - 88. Calculate l(11).
-121
Let o(j) = 2*j - 108. Give o(53).
-2
Let y(d) = -43*d**2 - 1715*d + 185. Determine y(-40).
-15
Let f(n) = 148*n - 4557. Determine f(31).
31
Let f(q) = 8*q - 104. Determine f(6).
-56
Let s(x) = -256*x**2 + 1281*x - 8. Determine s(5).
-3
Let d(x) = x**3 - 50*x**2 + 93*x + 119. What is d(48)?
-25
Let v(u) = -5*u**3 + 13*u**2 - 17*u + 26. What is v(5)?
-359
Let g(c) = c**3 + 44*c**2 - 55*c - 4218. Give g(-43).
-4
Let q(w) = -w**2 - 35*w + 3003. What is q(-75)?
3
Let p(z) = z**2 - 23*z + 104. Determine p(13).
-26
Let o(k) = 41*k - 355. Determine o(9).
14
Let z(n) = n**3 - 106*n**2 + 2319*n + 168. Give z(31).
-18
Let q(i) = 1483*i + 14862. Determine q(-10).
32
Let p(f) = -3*f**3 + 71*f**2 + 37*f - 26. Calculate p(24).
286
Let c(i) = -2*i**3 + 20*i**2 - i. What is c(9)?
153
Let c(p) = 269*p - 201. What is c(1)?
68
Let i(u) = -96*u + 12. Give i(0).
12
Let o(v) = -17*v**2 + 129*v + 22. Calculate o(8).
-34
Let b(h) = h**2 - 10*h - 1153. Calculate b(39).
-22
Let l(j) = 105*j - 657. Determine l(6).
-27
Let o(k) = 22*k - 485. What is o(23)?
21
Let c(t) = -7*t + 60. What is c(36)?
-192
Let m(f) = 186*f**2 - 4*f. Determine m(-1).
190
Let o(c) = -c**3 - 83*c**2 - 1071*c - 16. Determine o(-67).
-83
Let q(b) = -64*b + 946. Calculate q(15).
-14
Let o(t) = -2*t + 45. Calculate o(25).
-5
Let h(r) = r**3 + 10*r**2 + 25*r + 36. What is h(-10)?
-214
Let x(q) = -17*q - 423. What is x(-25)?
2
Let g(m) = -4*m**2 + 22*m + 104. Determine g(-3).
2
Let f(d) = 27*d**2 - 33*d + 153. What is f(4)?
453
Let a(w) = -75*w**2 + 33*w - 2. What is a(2)?
-236
Let b(d) = 21*d**2 - 71*d - 26. Calculate b(6).
304
Let x(h) = -54*h - 144. Determine x(-2).
-36
Let n(l) = 21*l - 1451. Determine n(68).
-23
Let c(w) = -w**2 - 64*w - 325. What is c(-58)?
23
Let q(j) = 19*j + 1639. Determine q(-86).
5
Let d(h) = 85*h + 7. Calculate d(-1).
-78
Let v(p) = -p**3 - 4*p**2 - 26*p - 43. Determine v(-6).
185
Let t(x) = -x**3 + 71*x**2 - 201*x - 190. What is t(68)?
14
Let d(g) = 2*g**2 - 343*g - 4599. Determine d(184).
1
Let c(v) = v**3 + v**2 - 526*v - 608. Give c(23).
-10
Let u(m) = -5*m**3 - 28*m**2 + 4*m - 49. Calculate u(-6).
-1
Let y(n) = -6*n**2 + 19*n + 175. What is y(7)?
14
Let q(t) = -2*t**2 - 80*t - 213. Calculate q(-37).
9
Let g(j) = 12*j**2 - 130*j + 243. What is g(2)?
31
Let b(w) = -13*w - 566. Calculate b(-39).
-59
Let h(m) = m**3 + 20*m**2 + 67*m + 66. What is h(-16)?
18
Let y(z) = -13*z - 25. Determine y(4).
-77
Let h(o) = o**3 + 9*o**2 + 13*o - 17. Give h(-3).
-2
Let l(h) = -13*h + 347. Determine l(20).
87
Let a(p) = -p**3 - 12*p**2 - 23*p - 2. Determine a(-11).
130
Let g(k) = -k**2 - 193*k + 3680. What is g(17)?
110
Let u(t) = -2*t**2 - 6*t + 139. What is u(7)?
-1
Let z(s) = -s**3 + 8*s**2 + 53*s - 58. Calculate z(12).
2
Let i(h) = -195*h**2 + 6*h + 5. Give i(-1).
-196
Let w(y) = -y**3 + 2*y**2 + 5*y + 5. What is w(0)?
5
Let w(o) = 530*o + 4776. Give w(-9).
6
Let a(q) = q**2 + 44*q + 447. Give a(-14).
27
Let y(u) = -87*u + 3149. What is y(37)?
-70
Let u(z) = 2192*z - 15343. Determine u(7).
1
Let c(r) = -1411*r + 21181. What is c(15)?
16
Let o(g) = -2*g**3 + 14*g**2 - 8*g + 15. Give o(7).
-41
Let m(q) = 53*q + 35. Determine m(-1).
-18
Let c(s) = s**3 - 31*s**2 + 54*s + 43. What is c(29)?
-73
Let n(p) = -43*p - 1329. What is n(-31)?
4
Let j(s) = 287*s - 2278. What is j(8)?
18
Let l(o) = -326*o + 4. What is l(0)?
4
Let a(y) = -2*y**3 + 69*y**2 - 603*y + 171. What is a(18)?
9
Let o(n) = n**2 + 35*n - 21. Give o(-41).
225
Let f(s) = s - 34. Give f(15).
-19
Let f(i) = 697*i - 198651. Give f(285).
-6
Let t(i) = 5*i**2 + 18*i + 16. Calculate t(-6).
88
Let z(p) = -2*p**3 + 44*p**2 + 205*p + 89. Determine z(26).
11
Let x(p) = 9522*p + 47629. Determine x(-5).
19
Let p(q) = -156*q - 6863. What is p(-44)?
1
Let n(a) = -1056*a + 1062. Give n(1).
6
Let n(h) = 29*h + 17. What is n(5)?
162
Let q(v) = -3*v**2 + 28*v + 24. What is q(13)?
-119
Let w(z) = 307*z - 1748. Calculate w(6).
94
Let v(s) = -2*s**3 - 26*s**2 - 11*s + 14. Determine v(-13).
157
Let n(f) = f**3 - 9*f**2 + 22*f - 36. Calculate n(7).
20
Let c(k) = k**2 - 17*k + 13. Calculate c(9).
-59
Let f(h) = h**2 + 42*h + 303. Calculate f(-34).
31
Let r(u) = -u**2 + 118*u - 1359. What is r(13)?
6
Let q(m) = m**2 + 152*m + 3383. Determine q(-27).
8
Let h(w) = 543*w + 4304. What is h(-8)?
-40
Let j(p) = -p**3 + 12*p**2 - 21*p + 14. What is j(8)?
102
Let l(j) = -330*j - 5298. Give l(-16).
-18
Let a(x) = 4*x**2 - 209*x + 48. What is a(52)?
-4
Let r(a) = -7*a**3 + 38*a**2 - 14*a + 11. What is r(5)?
16
Let o(k) = -k**3 - 7*k**2 - 13*k - 39. Give o(-6).
3
Let c(f) = -19*f**2 + 79*f - 97. Determine c(4).
-85
Let g(x) = 23*x - 1166. Give g(51).
7
Let j(t) = 12842*t - 282518. Give j(22).
6
Let q(f) = -933*f - 951. Give q(-1).
-18
Let y(s) = -163*s - 7654. Determine y(-47).
7
Let w(r) = -13*r**2 - 410*r + 1077. Give w(-34).
-11
Let z(r) = -r - 112. Determine z(-9).
-103
Let x(b) = -4*b - 135. What is x(-24)?
-39
Let s(k) = -19*k**2 + 86*k + 266. Calculate s(-3).
-163
Let q(z) = -42*z + 69. Determine q(2).
-15
Let s(b) = -105*b - 622. Calculate s(-6).
8
Let z(a) = -12*a**2 + 281*a - 114. Determine z(23).
1
Let d(r) = 24*r**3 - 48*r**2 - 51*r - 4. Calculate d(-1).
-25
Let p(u) = -u + 113. What is p(99)?
14
Let u(c) = -c**2 - 9*c - 13. Give u(-14).
-83
Let b(c) = -1299*c - 11676. Give b(-9).
15
Let z(a) = a**3 + 5*a**2 - 3*a. Calculate z(-1).
7
Let v(f) = -1074*f - 122437. Determine v(-114).
-1
Le